4*k(m) - 5*w(m). Is f(12) a prime number?
False
Suppose -35*q = -399285 - 1140820. Is q composite?
True
Let t(x) = 45*x - 145. Let m be t(28). Suppose -57*g + 56*g = -m. Is g prime?
False
Let g(y) = 1759*y + 879. Is g(8) a composite number?
False
Let d(u) = 40 + 7 - 63*u + 4 - 37*u. Is d(-7) prime?
True
Let o(t) = -t**2 + t + 15433. Let w be o(0). Let c = 26559 - w. Let a = c - 7773. Is a a prime number?
False
Is (-42)/147 - ((-3)/(-42)*-4662956 + -3) prime?
True
Let h(d) = 607618*d**2 - 134*d - 133. Is h(-1) a composite number?
False
Is (-118)/(-236)*(1 - -252941) a composite number?
True
Let b(r) = 3*r**3 + r - 16. Let n be b(7). Suppose l + 175 + 321 = -t, 2*l - 5*t = -n. Let u = 1371 + l. Is u a prime number?
False
Let z(o) = 139*o + 97. Let h be z(-2). Let y be (-383)/(-4)*(-12)/(-3). Let p = h + y. Is p a prime number?
False
Suppose 0 = 11*a + 3630 + 1771. Let k = a + 2718. Is k a prime number?
False
Suppose -5*h - 1341708 = -4*a, 2*h = 3*a + 386554 - 1392828. Is a prime?
False
Suppose 16*q - 159 = 82*q - 555. Let m = -1647 - -3213. Suppose m - 6492 = -q*k. Is k prime?
True
Let i be (-17)/(-3) - (-8)/(-12). Suppose i*o + 5 = 0, o - 3677 = -2*a - 4*o. Is a prime?
False
Let h = 775 - 416. Let l = -241 + h. Is l prime?
False
Let x = 78452 - 39271. Is x a prime number?
True
Suppose 2*v = 36 - 12. Suppose v*r + 24279 = 15*r. Is r a composite number?
False
Let j be 3/(1*(-5)/(210/(-18))). Suppose -9*l - 8 = -j*l, 3*m = -2*l + 34639. Is m a prime number?
True
Suppose 2*d - 4*d + 6 = 0. Let w(h) = 6*h**3 - h**d + 1 - 17*h**2 - 8*h - 6*h**3. Is w(-20) prime?
True
Let t be 280/7 - (-6)/2. Suppose t*l = 33*l + 316630. Is l a composite number?
False
Let l(n) = -n**2 - 21*n + 133. Let q be l(5). Suppose 4*a + p = 38403, 0 = -5*a - 2*p + q*p + 48006. Is a prime?
True
Suppose -91*b - 63*b + 2070222 = 0. Is b prime?
False
Suppose 4*n - 292678 = 3*n - 4*j, -52*n + 15220108 = -5*j. Is n composite?
True
Let p(d) be the first derivative of -4*d**2 + 32*d + 20 + 11*d**2 + 2*d**2 + 27*d. Is p(20) a composite number?
False
Suppose -12*l + 7738601 = 7*l - 3941934. Is l composite?
True
Let o be (770 - 4) + 0 + 5. Let i = 1552 - o. Is i a prime number?
False
Let q(t) = -4086*t - 13. Let z(n) = -n + 9. Let y be z(10). Is q(y) a prime number?
True
Let s = 2415 - 2412. Let w(r) be the first derivative of 191*r**3/3 - 3*r**2/2 - r - 1. Is w(s) a prime number?
True
Suppose 6 = -3*x + 3*n, -8*n + 4 = 4*x - 9*n. Suppose 9195 + 459 = x*j. Is j a prime number?
False
Let y be (1557/(-27))/(4/12). Let r = y + 300. Is r composite?
False
Let w(m) = -m**3 + 3*m**2 + 11*m - 24. Let l(v) = -v**2 + 1. Let x(k) = 3*l(k) - w(k). Let p be x(7). Is 1620 + -5*p/5 a composite number?
False
Suppose -130*c + 31121988 = -25503472 - 14158110. Is c prime?
False
Suppose 2*j = -3*h + 905006 + 550113, -1455127 = -2*j + 5*h. Is j a composite number?
False
Let c = 2384 + -2386. Let a = 4 - 6. Is (10095/20)/(3/c)*a a prime number?
True
Is (-2 + 25*9/90)*278966 a prime number?
True
Let q = 36981 - 8294. Is q composite?
False
Let q(r) = 24*r**2 + 244*r - 161. Is q(-90) prime?
True
Suppose -5*b - q = -71400 - 32635, 0 = 4*b + 4*q - 83228. Let l = -11884 + b. Is l prime?
True
Let y be (-110 + (3 - 0) + -1)*12. Let m = 631 + y. Let u = 1114 + m. Is u a composite number?
False
Let v(x) = -2 + x**2 + 15*x - 34*x**3 + 0*x - 13*x. Let m be v(1). Let d = 52 - m. Is d a prime number?
False
Let v be (1*6126/4)/(3/22). Let u = 25822 - v. Is u a composite number?
False
Suppose 6000 = -0*p + 4*p. Suppose 0 = 16*c - 12*c - 4*o - 1996, 0 = -3*c + 2*o + p. Is c composite?
True
Let r = -69 - -66. Let z be 4/(5 - 6 - r). Suppose -z*w = -5*k - 0*w + 6599, -k + 4*w = -1327. Is k composite?
False
Is -14*18/(-63) - (6 - 54649) prime?
True
Suppose -68 = -2*x + 74. Let g = 74 - x. Suppose g*c - 6654 = -2061. Is c prime?
True
Let x = -20 + 26. Suppose x*m - m - 10 = 0. Suppose m*f - 993 = -3*q, 1686 = 4*f - 4*q - 250. Is f prime?
False
Let v be ((-465)/10)/((-9)/(-18)). Is (-2 - 1)*422933/v prime?
False
Let y(i) = 36*i**2 + 4*i + 335. Is y(18) composite?
False
Let d(t) = 15*t**2 + 3*t - 2. Let m be d(-53). Suppose 13*j = 40459 + m. Is j a composite number?
True
Suppose -17*i - 1660711 = -5*g - 14*i, -3*i - 332123 = -g. Is g prime?
True
Let p = 113 + -119. Let g(v) = -12*v**2 - 17*v - 2. Let t(n) = -13*n**2 - 17*n - 3. Let j(z) = 2*g(z) - 3*t(z). Is j(p) a prime number?
True
Let w be 44406/24 + (-5)/20. Suppose -4*r = w - 9054. Is r composite?
False
Let i(v) = -1302*v**3 + 18*v**2 + 115*v + 8. Is i(-7) a prime number?
False
Let m be 105/(-60)*((-1)/1 + -11). Is m/42*1141*2 composite?
True
Let x(m) = -m + 4. Let y be x(-5). Suppose -y*c + 5*c + 10808 = 0. Suppose -4*g = 3*j - 1877, 3*g = 5*j - 465 - c. Is j a composite number?
False
Suppose 2*d = 3*k + 411632, d + 0*k - k - 205818 = 0. Is d a prime number?
False
Let y = 77 + -60. Suppose 0 = -2*u - 5*r + 19, 0 = -u + 2*u + 4*r - y. Let z(i) = 315*i**2 - i - 11. Is z(u) prime?
False
Let k(p) = 5291*p + 66. Suppose 0 = 7*s + 16 - 51. Is k(s) composite?
True
Suppose 0 = 7*t + 2*t - 143*t + 11427386. Is t a composite number?
True
Suppose -3*j = 31*w - 33*w + 1787, 0 = -2*w - 5*j + 1763. Is w composite?
True
Let b(n) = 123*n**2 - 152*n - 1980. Is b(-17) prime?
True
Let y be (6/(-4))/((-36)/744). Suppose -g = 4*r + 26, r + y = -4*g - 43. Is -3 + (-58)/g - (-1816)/9 a composite number?
True
Suppose -14*j - 11*j + 74350680 - 13314205 = 0. Is j a composite number?
False
Let w(i) = 4795*i**2 + 21*i + 43. Is w(-2) composite?
False
Suppose 1200 = 18*m + 1323 - 24621. Is m composite?
False
Suppose 0 = 9*l - 6*l. Suppose -4*k + 7621 + 5031 = l. Suppose 2*c + x = k - 607, -4*c - 3*x = -5114. Is c a prime number?
True
Suppose 42996 - 409802 = -22*u. Is u a composite number?
False
Let m(c) = 5771*c + 119. Is m(12) composite?
False
Let r(w) be the third derivative of -w**7/420 + w**6/40 + w**5/120 + w**4/24 - w**3/2 + w**2. Let u(b) be the first derivative of r(b). Is u(-6) composite?
False
Let r(d) = -d**2 + 15*d - 24. Let h be r(14). Let v be (-6)/h - 13326/(-15). Suppose -a - 6*a + v = 0. Is a a composite number?
False
Suppose 2*g + f = 153296, -3*f + 76643 = 23*g - 22*g. Is g a composite number?
False
Suppose -6*j - 1140 = -7*j + 3*m, 3*m - 4575 = -4*j. Suppose 12*k = j + 11517. Is k a composite number?
True
Let w(d) = -4573*d - 10. Let k(p) = -13719*p - 32. Let i(m) = -6*k(m) + 21*w(m). Is i(-1) prime?
False
Suppose -3*s = 5*d - 25, -8 - 4 = 4*d - 4*s. Suppose -d*b - j = -5419, 4*b - b + j - 8126 = 0. Is b a composite number?
False
Suppose -6*p - 275 = -p. Is 7814*(-5 - p/10) a composite number?
False
Let z = -303 + 305. Suppose -5*v + z*c = -46849, c + c = 6. Is v a prime number?
True
Is (5/((-10)/(-640198)))/((-12)/4 + 4) a prime number?
False
Suppose -259687 = -2*d + 11*s - 12*s, 0 = -2*d - 3*s + 259697. Is d composite?
False
Is (-197149801)/(-407) - 6/11 a prime number?
True
Let c be ((-1)/1)/(3/(12/(-4))). Let q be 0/(0 - (c - 3)). Suppose -4*n + 846 + 346 = q. Is n a composite number?
True
Suppose -2*y = 5*w - 167, -5*y = 12 - 17. Is w*15 - (-2 - 2) prime?
True
Let n be 4/((-2)/(-1)) + 4 + 10. Is 12/10*39320/n prime?
False
Let i be ((-3)/(-2))/((-63)/(-14) + 3/(-1)). Let m = -1 - 0. Is m - (-191)/i - (-8 - -7) prime?
True
Let o(q) = 4754*q**3 - 10*q**2 + 14*q + 17. Is o(3) a composite number?
False
Let t(k) = 498*k + 30. Let h be t(-5). Let o = -1373 - h. Is o a prime number?
True
Suppose 13*r + 20*r = 12*r + 10766847. Is r a prime number?
False
Let l = -57143 - -225762. Is l a composite number?
True
Let j = 35 + -28. Let m(a) = 65*a**2 + 11*a - 10. Let b be m(j). Suppose 2*s = -5*u + b, -s + 3*u = -6*s + 8111. Is s prime?
True
Suppose 0 = -9*q + 1076 + 184. Let n be (18/8)/(1/q). Suppose 89 + 176 = 2*s + 5*x, 2*s - 5*x - n = 0. Is s a composite number?
True
Let g(z) = -17*z - 85. Let i be g(-18). Suppose -6*n - 199 = -751. Let j = i - n. Is j prime?
False
Suppose -15*f + f + 174 = 15*f. Let n(v) = -80*v**3 - 2*v**2 - 5*v + 5. Let a be n(-5). Suppose -2*k + f*k = a. Is k composite?
True
Let p = 4405 + 617. Let j = p + -2468. Is j prime?
False
Let u(g) = g**2 + 11*g - 7. Let k be (78/(-18))/(8/6 + -1). Let q be u(k). Suppose 13*v + 1554 = q*v. Is v a composite number?
True
Let 